 94139 and 11937.
23
Calculate the greatest common divisor of 108719 and 507.
13
Calculate the highest common divisor of 54 and 22980366.
18
What is the highest common factor of 42517868 and 27626?
1454
What is the highest common factor of 180 and 1569720?
60
What is the greatest common factor of 2110 and 147850?
10
What is the greatest common factor of 117 and 8868223?
13
What is the greatest common factor of 609 and 1423653?
21
What is the highest common divisor of 48053049 and 6072?
759
Calculate the highest common divisor of 835760 and 29656.
2696
Calculate the highest common divisor of 1504 and 55149659.
47
Calculate the greatest common divisor of 597132 and 1989276.
1164
Calculate the greatest common divisor of 39027862 and 76.
38
What is the highest common factor of 22500621 and 18?
9
Calculate the highest common divisor of 28281574 and 136.
34
Calculate the greatest common divisor of 6424359 and 316.
79
What is the highest common divisor of 44157458 and 4?
2
Calculate the highest common factor of 509795 and 283712.
4433
What is the highest common divisor of 40188 and 1203276?
2364
Calculate the greatest common factor of 24196 and 3311170.
526
What is the highest common divisor of 31844104 and 24?
8
What is the highest common factor of 1435716 and 16758?
342
Calculate the greatest common divisor of 182539378 and 2536.
634
Calculate the greatest common factor of 254271 and 50304.
393
What is the highest common divisor of 31006353 and 137067?
2247
What is the highest common divisor of 67998016 and 64?
64
What is the highest common factor of 1428 and 3590468?
476
Calculate the greatest common divisor of 45641128 and 1924.
1924
What is the greatest common factor of 83749167 and 999?
999
What is the highest common factor of 797595653 and 1723?
1723
What is the greatest common factor of 370944 and 19549908?
5796
Calculate the greatest common factor of 16860 and 120300596.
1124
What is the highest common divisor of 1288666656 and 24768?
12384
Calculate the greatest common factor of 145 and 296365.
5
Calculate the greatest common divisor of 506849685 and 5055.
5055
What is the greatest common factor of 32096 and 592832?
1888
What is the highest common divisor of 549384 and 37488?
264
Calculate the greatest common factor of 436261770 and 36.
18
What is the greatest common factor of 250708 and 1270756?
1076
What is the highest common divisor of 272 and 23751907?
17
What is the greatest common factor of 223 and 192052506?
223
Calculate the greatest common divisor of 39603329 and 263.
263
Calculate the greatest common factor of 3249 and 70650.
9
What is the highest common divisor of 14073083 and 2494?
43
Calculate the highest common factor of 2149903372 and 1238.
1238
What is the greatest common factor of 12341 and 243230532?
1763
Calculate the highest common factor of 312040 and 37280.
40
What is the greatest common divisor of 104809 and 113611?
163
Calculate the greatest common divisor of 18927633 and 3.
3
Calculate the highest common factor of 114 and 58022922.
114
Calculate the greatest common factor of 77760 and 97506.
18
What is the highest common factor of 563115185 and 269?
269
Calculate the greatest common divisor of 702291 and 5679086.
1787
Calculate the greatest common factor of 6930095 and 1075.
215
Calculate the greatest common divisor of 63 and 20229202.
7
Calculate the highest common divisor of 8082 and 5782222.
898
What is the highest common divisor of 12305 and 26883665?
115
Calculate the highest common divisor of 4628 and 85084.
356
What is the greatest common divisor of 1088535 and 395?
5
Calculate the greatest common factor of 14574796 and 40.
4
Calculate the greatest common divisor of 636 and 142536928.
212
Calculate the highest common factor of 33447681 and 6561.
27
What is the highest common divisor of 3976 and 8179768?
568
Calculate the greatest common factor of 276 and 8111318.
46
What is the greatest common divisor of 5877711 and 2457?
189
What is the highest common divisor of 3803 and 11530696?
3803
Calculate the greatest common divisor of 55 and 69133097.
11
What is the greatest common factor of 60 and 133431010?
10
Calculate the greatest common divisor of 5136876 and 2930.
586
Calculate the greatest common divisor of 4143 and 224485693.
1381
Calculate the greatest common factor of 70664945 and 168337.
7319
Calculate the greatest common divisor of 1986 and 786231582.
1986
Calculate the greatest common divisor of 699884 and 93442.
38
What is the highest common factor of 56282 and 1981426?
214
What is the greatest common factor of 51793308 and 1344?
84
What is the greatest common divisor of 28462 and 28754752?
4066
What is the greatest common factor of 127780 and 68380?
20
What is the greatest common divisor of 389756744 and 4373?
4373
Calculate the highest common divisor of 54421913 and 17.
17
What is the greatest common factor of 411 and 3057060?
3
Calculate the greatest common divisor of 159376 and 10456.
8
What is the greatest common factor of 34580035 and 28861?
1519
What is the highest common divisor of 17 and 836387?
1
What is the highest common factor of 22902 and 344531?
11
What is the highest common divisor of 77364 and 18528?
12
What is the highest common factor of 4302 and 43527636?
4302
What is the greatest common factor of 3958959 and 1121?
59
Calculate the highest common factor of 836 and 2451342.
38
Calculate the greatest common divisor of 48040 and 207773.
1201
What is the greatest common factor of 356938624 and 448?
448
What is the highest common divisor of 2511 and 2793535209?
2511
Calculate the greatest common divisor of 486 and 13112.
2
What is the highest common factor of 13770431 and 447?
149
What is the highest common divisor of 6112 and 187725496?
1528
Calculate the highest common divisor of 114 and 98106120.
114
Calculate the highest common factor of 103325688 and 48.
24
Calculate the greatest common divisor of 18088 and 73663.
19
Calculate the highest common divisor of 8798 and 9628.
166
Calculate the greatest common factor of 323964 and 117.
9
Calculate the greatest common divisor of 131855210 and 20320.
1270
Calculate the highest common factor of 2757609 and 129801.
2649
What is the highest common divisor of 177741 and 293511?
681
What is the greatest common factor of 49668 and 142?
2
Calculate the highest common divisor of 67230 and 457650.
810
Calculate the highest common factor of 3113 and 12999322.
283
What is the highest common factor of 4653 and 1771242?
1551
What is the greatest common factor of 1251 and 30836316?
417
Calculate the greatest common divisor of 156864 and 25835136.
3648
What is the highest common divisor of 279972 and 4004?
308
What is the highest common factor of 42237792 and 13056?
1632
What is the highest common factor of 153978397 and 12424?
1553
What is the highest common divisor of 696336 and 455748?
1956
What is the highest common divisor of 37375 and 117682375?
2875
Calculate the greatest common factor of 17534 and 3329069.
797
Calculate the highest common divisor of 371509710 and 3432.
858
What is the highest common divisor of 421027 and 4579?
241
Calculate the highest common divisor of 190125774 and 2829.
2829
Calculate the highest common divisor of 2765 and 328761265.
2765
What is the greatest common factor of 36944623 and 622?
311
Calculate the highest common divisor of 255654 and 279636.
42
Calculate the highest common factor of 501 and 151245.
3
What is the highest common factor of 24696 and 560?
56
What is the greatest common divisor of 430 and 56618444?
86
Calculate the highest common divisor of 355107836 and 1096.
548
Calculate the greatest common divisor of 3505455 and 43065.
45
What is the highest common factor of 4979 and 408525?
13
Calculate the highest common factor of 2 and 729586.
2
What is the greatest common factor of 5761 and 33710903?
823
What is the highest common factor of 296529 and 694326?
291
What is the greatest common divisor of 513 and 2519989?
19
What is the highest common factor of 168280 and 780?
20
Calculate the highest common divisor of 152148 and 9180.
12
Calculate the highest common divisor of 196 and 10071068.
196
What is the highest common factor of 261649096 and 1576?
1576
Calculate the greatest common divisor of 44705 and 